est common divisor of j and 10?
10
Let z(p) be the second derivative of p**4/4 + 2*p**3/3 - 3*p**2 + 2*p. Let f be z(-8). What is the greatest common factor of f and 22?
22
Let o = -55 - -180. Suppose 3*m - 6 = m. Suppose -m*i = 2*i - o. What is the highest common divisor of i and 10?
5
Let j(c) = 3*c - 2 + 4 - 6*c. Let o be j(-5). Let z be 136/102*((-51)/(-2) - 0). Calculate the greatest common divisor of o and z.
17
Let a = 6 + -3. Suppose -a*h + 2100 = h. Suppose -h = -4*c - 3*y, -3*y - 663 = 4*c - 9*c. What is the greatest common factor of 12 and c?
12
Let l be (-7 - 1) + -1 + 3. Let j = -5 - l. Let k be (j - 0)/((-1)/(-10)). What is the greatest common factor of k and 80?
10
Suppose -5*s + 4 = -3*a - 83, 0 = -2*s + 4*a + 32. What is the greatest common divisor of 12 and s?
6
Let k(r) = 2*r**3 - 2*r**2 - 3*r + 5. Let y be k(2). Calculate the highest common factor of 14 and y.
7
Let y(b) = b + 7. Let z be y(11). Calculate the greatest common factor of 180 and z.
18
Let s = -175 - -99. Let x = -52 - s. Let k be (-213)/(-6) + (-1)/(-2). What is the highest common factor of k and x?
12
Let z = 100 - 99. Calculate the greatest common divisor of z and 4.
1
Suppose -5*k + 82 = -58. Let z(h) = h**3 + 12*h**2 + h + 6. Let f be z(-10). Calculate the greatest common factor of f and k.
28
Let c(f) = -58*f - 3. Let o be c(-3). Let v be 2*84/8 - 3. Suppose v = -3*j + 75. Calculate the highest common divisor of j and o.
19
Let q be ((-3123)/15 - 1/(-5))/(-1). What is the highest common divisor of q and 13?
13
Suppose -6*w + 2915 = -w + 3*c, 3*w - 5*c = 1715. Let y be w/6 - (-8)/(-12). Calculate the greatest common factor of 24 and y.
24
Let t = 35 + -17. Let j = -8 + t. What is the highest common divisor of j and 30?
10
Suppose -5*r + 5*d = -250, 3*r + 35 - 189 = 2*d. Calculate the greatest common factor of r and 18.
18
Let f be -1 + 0 + 0 - -2. Let s(n) = 21*n**2 - n + 1. Let z be s(f). What is the greatest common factor of 14 and z?
7
Suppose 31 = 3*l + 7. What is the greatest common divisor of l and 24?
8
Suppose -3 = -2*w + 1. Suppose 3*a + 12 = 5*n - 30, w*n - 19 = -a. Calculate the highest common divisor of n and 36.
9
Suppose 4*b = -4*f + 148, 2*b - 3*f = -0*b + 79. What is the highest common divisor of 19 and b?
19
Suppose -i + 12 = 3*i. Suppose 0 = -5*a + i + 7. Suppose -216 = -v - a*v. What is the highest common divisor of v and 8?
8
Let z be 28/(-6) - 8/(-12). Let x(g) = -g - 3. Let n be x(z). Suppose -n = -2*r + 13. Calculate the highest common factor of 63 and r.
7
Let r(l) = l**3 - 5*l**2 + 5*l + 2. Let h be r(4). Suppose -n + h*n - 160 = 4*a, -5*n - 3*a = -125. Calculate the greatest common divisor of 28 and n.
28
Let v be 18 - 1 - 4 - -1. What is the greatest common factor of 112 and v?
14
Let f be ((-60)/(-2 - -3))/(-1). Let m(q) = 2 + 1 - 1 - 2*q. Let i be m(-5). Calculate the greatest common factor of f and i.
12
Suppose 5*v + 57 = -4*x + 5*x, -3*x - 2*v = -120. What is the highest common divisor of 56 and x?
14
Let u(w) = 2*w + 3. Let f be u(-3). Let b be -1*2 - (f - 55). Calculate the highest common factor of 14 and b.
14
Let w be 3 + (0 - -82) + 0. Calculate the highest common divisor of w and 17.
17
Let n(v) = 2*v**2 - 30*v + 31. Let x be n(20). What is the greatest common factor of 33 and x?
33
Let a(q) = -q**2 - 10*q - 10. Let f be (-4)/22 - (-194)/(-22). Let l be a(f). Let c be l/(-4) + 358/8. What is the greatest common factor of 5 and c?
5
Suppose 442 = 3*t - 6*y + y, -710 = -5*t - 5*y. What is the highest common divisor of 48 and t?
48
Suppose 2*a = 6*a - 44. What is the highest common factor of 1 and a?
1
Suppose 0 = 3*a + 13 - 1. Let g = a + 91. Calculate the greatest common divisor of g and 58.
29
Let m(d) = -3*d - 3. Let t be m(-6). Let w(x) = 18*x + 12. Let c be w(6). Calculate the greatest common factor of t and c.
15
Let q(j) be the first derivative of -j**4/4 + 2*j**3/3 - 3*j**2/2 + 3*j + 1. Let k be q(-3). What is the highest common factor of k and 19?
19
Let k = -69 - -88. What is the greatest common divisor of k and 76?
19
Let o(r) = 23*r - 12. Suppose u - 16 = -2*k, 8*u - 3*u = 3*k + 2. Let q be o(k). Calculate the highest common divisor of q and 14.
14
Let p(t) = t**3 + 12*t**2 + 5. Suppose -3*h = -0*h + 36. Let x be p(h). Let o = 38 + -23. Calculate the highest common factor of x and o.
5
Let q(h) = -h**2 + 10*h - 7. Let r be q(9). Let b(w) = -r*w - w + 3 + 1 - 2. Let v be b(-6). What is the greatest common divisor of 8 and v?
4
Suppose -2*s = -1 - 3. Suppose 0 = -4*h + h + 6. Suppose 3*g + h*g - 5 = 0, 0 = -2*t - 3*g + 9. Calculate the highest common factor of s and t.
1
Let w = 41 + -24. What is the highest common divisor of w and 17?
17
Suppose 3*y - 4*m = 4*y - 34, -245 = -5*y - 5*m. Let f be y*(7/(-3) - -3). What is the highest common divisor of 9 and f?
9
Let j = -2 + 3. Suppose u = 2*q - j, -3*u - 19 = -0*u - 2*q. Let x be (-947)/u - (-2)/(-9). What is the highest common divisor of 15 and x?
15
Suppose -4*r - 5*p = -164, 3*r = -2*p - 3*p + 128. Suppose -4*x = 4*q + q + 9, -2*q = -5*x + 30. Let l = q + 9. Calculate the highest common factor of l and r.
4
Let o(q) = q**3 - q**2 - 2*q + 3. Let d be o(3). Suppose -7*j + 2*j + 5*i = -660, -147 = -j - 4*i. What is the highest common divisor of j and d?
15
Let m(f) = -f**3 - 10*f**2 - 9*f + 11. Let y be m(-9). Calculate the highest common divisor of 1 and y.
1
Let l(z) = -2*z**3 - z**2 - z + 7. Let x be l(-3). Suppose 171 = 3*d - 123. Let s = x + d. What is the greatest common factor of s and 17?
17
Let y be (-1 + 3)/((-4)/10). Let b be (7/y - -1)*-40. What is the greatest common divisor of b and 32?
16
Suppose x - 120 = -4*x. Suppose 4*k - x = 4. Calculate the highest common divisor of k and 56.
7
Let l(w) = -16*w. Suppose 3*s - 6*s = 0. Suppose 0 = -5*d + 19 + 1, 4*r + 3*d - 8 = s. Let g be l(r). Calculate the highest common factor of 24 and g.
8
Let t be (-120)/25*80/(-6). What is the greatest common factor of 16 and t?
16
Let x(o) = o**3 + 7*o**2 - 9*o + 12. Let a be x(-8). Let c be -12*-2*(-1)/(-3). Calculate the highest common factor of c and a.
4
Let d(i) be the first derivative of -i**2/2 - 7*i - 1. Let x be d(-9). Let q be (x - 1)*(-2)/(-2). What is the highest common factor of 2 and q?
1
Let k = 22 - -41. Suppose -198 = -3*j - k. What is the greatest common divisor of 9 and j?
9
Let l(n) = -n**2 + n - 1. Let u(r) = r**3 - 11*r**2 - 8*r - 15. Let h(o) = 3*l(o) - u(o). Let s be h(9). What is the greatest common factor of s and 6?
6
Suppose -m + 4*t = -5*m + 1204, 4*t = -3*m + 904. Suppose 2*g = -2*g + m. What is the highest common factor of g and 30?
15
Let f(h) = -10*h - 32. Let l be f(-5). What is the greatest common divisor of 12 and l?
6
Suppose -g + 80 = 3*g. Let k = 9 + 0. Suppose -51 = -2*y + k. What is the greatest common factor of g and y?
10
Let a(f) = f**3 - 14*f**2 + 14*f + 5. Let d be a(13). Calculate the greatest common factor of 36 and d.
18
Suppose -542 + 110 = -4*l. Calculate the greatest common factor of 72 and l.
36
Suppose 7*o - 4*o - 41 = 4*q, q = o - 12. Suppose 5*y = -5*g + 375, 4*g = 2*y + 2*g - 158. Calculate the highest common divisor of y and o.
7
Let v be 7/28 - (-179)/4. Suppose 0*t - 5*t = -v. Let d be -126*((-5)/2)/5. Calculate the greatest common divisor of d and t.
9
Let z = -1 - -13. Suppose 5*t - 13 = z. Calculate the highest common factor of t and 10.
5
Suppose -2*k - 2*k + 48 = 0. Let s(c) = -c**2 - 11*c - 12. Let x be s(-8). What is the greatest common factor of k and x?
12
Let g(o) = -23*o**3 - 2*o**2 - 2*o. Let k be g(-2). Suppose y + 18 = -y. Let f be (-24)/y*(-45)/(-6). Calculate the highest common divisor of k and f.
20
Suppose 3*f + 7 = 70. What is the highest common factor of f and 126?
21
Suppose -27 = -2*a + 15. Suppose 3*f - 29 = -5*w, 3*f + 4*w = a + 4. Suppose 0 = f*x + 2*x - 50. What is the greatest common factor of x and 10?
10
Let w(a) = -14*a**3 + 3*a**2 + 4*a + 3. Let p be w(-2). Suppose -p - 22 = c. Let z = c - -216. Calculate the highest common factor of z and 30.
15
Let a be 2 + (-4 - (-1 - 388)). Let q be 1070/(-4) - 1/(-2). Let x = a + q. What is the highest common factor of 12 and x?
12
Let w = -13 + 16. Suppose -r - 4 = -0. Let m be 3/((-6)/r) - -1. What is the greatest common divisor of 